{"id":24,"date":"2025-07-02T18:34:01","date_gmt":"2025-07-02T16:34:01","guid":{"rendered":"http:\/\/www.carrelagedaigre.fr\/?page_id=24"},"modified":"2026-02-28T09:51:46","modified_gmt":"2026-02-28T08:51:46","slug":"carreleur-belle-ile-en-mer","status":"publish","type":"page","link":"https:\/\/www.carrelagedaigre.fr\/index.php\/carreleur-belle-ile-en-mer\/","title":{"rendered":"Notre entreprise"},"content":{"rendered":"<div class=\"fusion-fullwidth fullwidth-box fusion-builder-row-1 fusion-flex-container has-pattern-background has-mask-background nonhundred-percent-fullwidth non-hundred-percent-height-scrolling\" style=\"--awb-border-radius-top-left:0px;--awb-border-radius-top-right:0px;--awb-border-radius-bottom-right:0px;--awb-border-radius-bottom-left:0px;--awb-flex-wrap:wrap;\" ><div class=\"fusion-builder-row fusion-row fusion-flex-align-items-flex-start fusion-flex-content-wrap\" style=\"max-width:1248px;margin-left: calc(-4% \/ 2 );margin-right: calc(-4% \/ 2 );\"><div class=\"fusion-layout-column fusion_builder_column fusion-builder-column-0 fusion_builder_column_2_5 2_5 fusion-flex-column\" style=\"--awb-bg-size:cover;--awb-width-large:40%;--awb-margin-top-large:40px;--awb-spacing-right-large:4.8%;--awb-margin-bottom-large:20px;--awb-spacing-left-large:4.8%;--awb-width-medium:40%;--awb-order-medium:0;--awb-spacing-right-medium:4.8%;--awb-spacing-left-medium:4.8%;--awb-width-small:100%;--awb-order-small:0;--awb-spacing-right-small:1.92%;--awb-spacing-left-small:1.92%;\" data-scroll-devices=\"small-visibility,medium-visibility,large-visibility\"><div class=\"fusion-column-wrapper fusion-column-has-shadow fusion-flex-justify-content-flex-start fusion-content-layout-column\"><div class=\"fusion-image-element \" style=\"--awb-margin-bottom:10px;--awb-caption-title-font-family:var(--h2_typography-font-family);--awb-caption-title-font-weight:var(--h2_typography-font-weight);--awb-caption-title-font-style:var(--h2_typography-font-style);--awb-caption-title-size:var(--h2_typography-font-size);--awb-caption-title-transform:var(--h2_typography-text-transform);--awb-caption-title-line-height:var(--h2_typography-line-height);--awb-caption-title-letter-spacing:var(--h2_typography-letter-spacing);\"><span class=\" fusion-imageframe imageframe-none imageframe-1 hover-type-none\"><img fetchpriority=\"high\" fetchpriority=\"high\" decoding=\"async\" width=\"2531\" height=\"2025\" alt=\"Carreleurs chapistes Carrelage Daigre Belle-I\u0302le-en-Mer\" title=\"Carreleurs chapistes Carrelage Daigre Belle-I\u0302le-en-Mer\" src=\"https:\/\/www.carrelagedaigre.fr\/wp-content\/uploads\/2025\/11\/SARL-Carrelage-Daigre-Belle-Ile-en-Mer.png\" class=\"img-responsive wp-image-417\" srcset=\"https:\/\/www.carrelagedaigre.fr\/wp-content\/uploads\/2025\/11\/SARL-Carrelage-Daigre-Belle-Ile-en-Mer-200x160.png 200w, https:\/\/www.carrelagedaigre.fr\/wp-content\/uploads\/2025\/11\/SARL-Carrelage-Daigre-Belle-Ile-en-Mer-400x320.png 400w, https:\/\/www.carrelagedaigre.fr\/wp-content\/uploads\/2025\/11\/SARL-Carrelage-Daigre-Belle-Ile-en-Mer-600x480.png 600w, https:\/\/www.carrelagedaigre.fr\/wp-content\/uploads\/2025\/11\/SARL-Carrelage-Daigre-Belle-Ile-en-Mer-800x640.png 800w, https:\/\/www.carrelagedaigre.fr\/wp-content\/uploads\/2025\/11\/SARL-Carrelage-Daigre-Belle-Ile-en-Mer-1200x960.png 1200w, https:\/\/www.carrelagedaigre.fr\/wp-content\/uploads\/2025\/11\/SARL-Carrelage-Daigre-Belle-Ile-en-Mer.png 2531w\" sizes=\"(max-width: 640px) 100vw, 600px\" \/><\/span><\/div><div class=\"awb-gallery-wrapper awb-gallery-wrapper-1 button-span-no\" style=\"--more-btn-alignment:center;\"><div style=\"margin:-5px;--awb-bordersize:0px;\" class=\"fusion-gallery fusion-gallery-container fusion-grid-2 fusion-columns-total-4 fusion-gallery-layout-grid fusion-gallery-1\"><div style=\"padding:5px;\" class=\"fusion-grid-column fusion-gallery-column fusion-gallery-column-2 hover-type-none\"><div class=\"fusion-gallery-image\"><a href=\"https:\/\/www.carrelagedaigre.fr\/wp-content\/uploads\/2025\/12\/6.png\" rel=\"noreferrer\" data-rel=\"iLightbox[gallery_image_1]\" class=\"fusion-lightbox\" target=\"_self\"><img decoding=\"async\" src=\"https:\/\/www.carrelagedaigre.fr\/wp-content\/uploads\/2025\/12\/6.png\" width=\"1080\" height=\"1350\" alt=\"SARL Carrelage Daigre Belle-Ile-en-mer\" title=\"SARL Carrelage Daigre Belle-Ile-en-mer\" aria-label=\"SARL Carrelage Daigre Belle-Ile-en-mer\" class=\"img-responsive wp-image-611\" srcset=\"https:\/\/www.carrelagedaigre.fr\/wp-content\/uploads\/2025\/12\/6-200x250.png 200w, https:\/\/www.carrelagedaigre.fr\/wp-content\/uploads\/2025\/12\/6-400x500.png 400w, https:\/\/www.carrelagedaigre.fr\/wp-content\/uploads\/2025\/12\/6-600x750.png 600w, https:\/\/www.carrelagedaigre.fr\/wp-content\/uploads\/2025\/12\/6-800x1000.png 800w, https:\/\/www.carrelagedaigre.fr\/wp-content\/uploads\/2025\/12\/6.png 1080w\" sizes=\"(min-width: 2200px) 100vw, (min-width: 712px) 598px, (min-width: 640px) 712px, \" \/><\/a><\/div><\/div><div style=\"padding:5px;\" class=\"fusion-grid-column fusion-gallery-column fusion-gallery-column-2 hover-type-none\"><div class=\"fusion-gallery-image\"><a href=\"https:\/\/www.carrelagedaigre.fr\/wp-content\/uploads\/2025\/12\/10-scaled.png\" rel=\"noreferrer\" data-rel=\"iLightbox[gallery_image_1]\" class=\"fusion-lightbox\" target=\"_self\"><img decoding=\"async\" src=\"https:\/\/www.carrelagedaigre.fr\/wp-content\/uploads\/2025\/12\/10-scaled.png\" width=\"2560\" height=\"1280\" alt=\"SARL Carrelage Daigre Belle-Ile-en-mer\" title=\"SARL Carrelage Daigre Belle-Ile-en-mer\" aria-label=\"SARL Carrelage Daigre Belle-Ile-en-mer\" class=\"img-responsive wp-image-612\" srcset=\"https:\/\/www.carrelagedaigre.fr\/wp-content\/uploads\/2025\/12\/10-200x100.png 200w, https:\/\/www.carrelagedaigre.fr\/wp-content\/uploads\/2025\/12\/10-400x200.png 400w, https:\/\/www.carrelagedaigre.fr\/wp-content\/uploads\/2025\/12\/10-600x300.png 600w, https:\/\/www.carrelagedaigre.fr\/wp-content\/uploads\/2025\/12\/10-800x400.png 800w, https:\/\/www.carrelagedaigre.fr\/wp-content\/uploads\/2025\/12\/10-1200x600.png 1200w, https:\/\/www.carrelagedaigre.fr\/wp-content\/uploads\/2025\/12\/10-scaled.png 2560w\" sizes=\"(min-width: 2200px) 100vw, (min-width: 712px) 598px, (min-width: 640px) 712px, \" \/><\/a><\/div><\/div><div class=\"clearfix\"><\/div><div style=\"padding:5px;\" class=\"fusion-grid-column fusion-gallery-column fusion-gallery-column-2 hover-type-none\"><div class=\"fusion-gallery-image\"><a href=\"https:\/\/www.carrelagedaigre.fr\/wp-content\/uploads\/2025\/12\/Carrelage-Daigre-Belle-Ile-en-mer-5-2.png\" rel=\"noreferrer\" data-rel=\"iLightbox[gallery_image_1]\" class=\"fusion-lightbox\" target=\"_self\"><img loading=\"lazy\" loading=\"lazy\" decoding=\"async\" src=\"https:\/\/www.carrelagedaigre.fr\/wp-content\/uploads\/2025\/12\/Carrelage-Daigre-Belle-Ile-en-mer-5-2.png\" width=\"1080\" height=\"1350\" alt=\"Eric Daigre Belle-\u00cele en mer\" title=\"Eric Daigre Belle-\u00cele en mer\" aria-label=\"Eric Daigre Belle-\u00cele en mer\" class=\"img-responsive wp-image-608\" srcset=\"https:\/\/www.carrelagedaigre.fr\/wp-content\/uploads\/2025\/12\/Carrelage-Daigre-Belle-Ile-en-mer-5-2-200x250.png 200w, https:\/\/www.carrelagedaigre.fr\/wp-content\/uploads\/2025\/12\/Carrelage-Daigre-Belle-Ile-en-mer-5-2-400x500.png 400w, https:\/\/www.carrelagedaigre.fr\/wp-content\/uploads\/2025\/12\/Carrelage-Daigre-Belle-Ile-en-mer-5-2-600x750.png 600w, https:\/\/www.carrelagedaigre.fr\/wp-content\/uploads\/2025\/12\/Carrelage-Daigre-Belle-Ile-en-mer-5-2-800x1000.png 800w, https:\/\/www.carrelagedaigre.fr\/wp-content\/uploads\/2025\/12\/Carrelage-Daigre-Belle-Ile-en-mer-5-2.png 1080w\" sizes=\"auto, (min-width: 2200px) 100vw, (min-width: 712px) 598px, (min-width: 640px) 712px, \" \/><\/a><\/div><\/div><div style=\"padding:5px;\" class=\"fusion-grid-column fusion-gallery-column fusion-gallery-column-2 hover-type-none\"><div class=\"fusion-gallery-image\"><a href=\"https:\/\/www.carrelagedaigre.fr\/wp-content\/uploads\/2025\/12\/2-1-scaled.png\" rel=\"noreferrer\" data-rel=\"iLightbox[gallery_image_1]\" class=\"fusion-lightbox\" target=\"_self\"><img loading=\"lazy\" loading=\"lazy\" decoding=\"async\" src=\"https:\/\/www.carrelagedaigre.fr\/wp-content\/uploads\/2025\/12\/2-1-scaled.png\" width=\"2560\" height=\"1280\" alt=\"SARL Carrelage Daigre Belle-Ile-en-mer\" title=\"SARL Carrelage Daigre Belle-Ile-en-mer\" aria-label=\"SARL Carrelage Daigre Belle-Ile-en-mer\" class=\"img-responsive wp-image-614\" srcset=\"https:\/\/www.carrelagedaigre.fr\/wp-content\/uploads\/2025\/12\/2-1-200x100.png 200w, https:\/\/www.carrelagedaigre.fr\/wp-content\/uploads\/2025\/12\/2-1-400x200.png 400w, https:\/\/www.carrelagedaigre.fr\/wp-content\/uploads\/2025\/12\/2-1-600x300.png 600w, https:\/\/www.carrelagedaigre.fr\/wp-content\/uploads\/2025\/12\/2-1-800x400.png 800w, https:\/\/www.carrelagedaigre.fr\/wp-content\/uploads\/2025\/12\/2-1-1200x600.png 1200w, https:\/\/www.carrelagedaigre.fr\/wp-content\/uploads\/2025\/12\/2-1-scaled.png 2560w\" sizes=\"auto, (min-width: 2200px) 100vw, (min-width: 712px) 598px, (min-width: 640px) 712px, \" \/><\/a><\/div><\/div><div class=\"clearfix\"><\/div><\/div><\/div><\/div><\/div><div class=\"fusion-layout-column fusion_builder_column fusion-builder-column-1 fusion_builder_column_3_5 3_5 fusion-flex-column\" style=\"--awb-bg-size:cover;--awb-width-large:60%;--awb-margin-top-large:20px;--awb-spacing-right-large:3.2%;--awb-margin-bottom-large:20px;--awb-spacing-left-large:3.2%;--awb-width-medium:60%;--awb-order-medium:0;--awb-spacing-right-medium:3.2%;--awb-spacing-left-medium:3.2%;--awb-width-small:100%;--awb-order-small:0;--awb-spacing-right-small:1.92%;--awb-spacing-left-small:1.92%;\" data-scroll-devices=\"small-visibility,medium-visibility,large-visibility\"><div class=\"fusion-column-wrapper fusion-column-has-shadow fusion-flex-justify-content-flex-start fusion-content-layout-column\"><div class=\"fusion-title title fusion-title-1 fusion-sep-none fusion-title-text fusion-title-size-one\" style=\"--awb-font-size:20px;\"><h1 class=\"fusion-title-heading title-heading-left\" style=\"font-family:Arial, Helvetica, sans-serif;font-style:normal;font-weight:400;margin:0;font-size:1em;\"><h1 style=\"text-align: left;\"><strong><span style=\"color: #1b788e;\">L&rsquo;ENTREPRISE CARRELAGE DAIGRE<\/span><\/strong><\/h1><\/h1><\/div><div class=\"fusion-text fusion-text-1\" style=\"--awb-content-alignment:justify;--awb-text-color:var(--awb-color7);--awb-text-font-family:-apple-system, BlinkMacSystemFont, &#039;Segoe UI&#039;, Roboto, Oxygen-Sans, Ubuntu, Cantarell, &#039;Helvetica Neue&#039; ,sans-serif;--awb-text-font-style:normal;--awb-text-font-weight:400;\"><p class=\"p1\"><b>La SARL Carrelage Daigre est une entreprise de rev\u00eatements de sols et de murs \u00e0 Belle-\u00cele-en-Mer. Notre \u00e9quipe de carreleurs chapistes r\u00e9alise vos chapes, carrelages, fa\u00efences et terrasses et vous conseille tout au long de vos projets.<\/b><\/p>\n<p class=\"p1\">Nos artisans mettent leur savoir-faire au service de vos projets de r\u00e9novation ou de construction. Ils s\u2019adaptent aux contraintes des supports et des espaces, mais aussi \u00e0 vos besoins et \u00e0 vos go\u00fbts. Ils prennent \u00e9galement en consid\u00e9ration l\u2019usage \u00e0 venir de vos surfaces afin de vous conseiller au mieux pour assurer leur durabilit\u00e9.<\/p>\n<p>Chaque projet est unique !<\/p>\n<p class=\"p1\">Afin de faciliter l\u2019organisation et la logistique sur vos chantiers (pas toujours simple \u00e0 Belle-\u00cele-en-Mer), notre entreprise vous propose \u00e9galement de prendre en charge la commande et la fourniture de vos carreaux. Nous travaillons avec des fournisseurs proposant des produits de qualit\u00e9 pour tous les styles et tous les budgets!<\/p>\n<p class=\"p1\">Notre objectif ? Vous proposer un r\u00e9sultat \u00e0 la hauteur de vos exigences. Nous travaillons chez vous comme si c\u2019\u00e9tait chez nous !<\/p>\n<p class=\"p1\">Vous avez des questions ? N\u2019h\u00e9sitez pas \u00e0 nous contacter!<\/p>\n<\/div><div style=\"text-align:right;\"><a class=\"fusion-button button-flat button-xlarge button-custom fusion-button-default button-1 fusion-button-default-span fusion-button-default-type\" style=\"--button_accent_color:var(--awb-color1);--button_accent_hover_color:var(--awb-color1);--button_border_hover_color:var(--awb-color1);--button_gradient_top_color:var(--awb-color4);--button_gradient_bottom_color:var(--awb-color4);--button_gradient_top_color_hover:hsla(var(--awb-color5-h),calc(var(--awb-color5-s) - 5%),calc(var(--awb-color5-l) - 15%),var(--awb-color5-a));--button_gradient_bottom_color_hover:hsla(var(--awb-color5-h),calc(var(--awb-color5-s) - 5%),calc(var(--awb-color5-l) - 15%),var(--awb-color5-a));--button_typography-font-family:-apple-system, BlinkMacSystemFont, &#039;Segoe UI&#039;, Roboto, Oxygen-Sans, Ubuntu, Cantarell, &#039;Helvetica Neue&#039; ,sans-serif;--button_typography-font-style:normal;--button_typography-font-weight:400;--button_margin-top:40px;--button_margin-bottom:20px;\" target=\"_self\"><i class=\"fa-comments fas awb-button__icon awb-button__icon--default button-icon-left\" aria-hidden=\"true\"><\/i><span class=\"fusion-button-text awb-button__text awb-button__text--default\">NOUS CONTACTER<\/span><\/a><\/div><\/div><\/div><\/div><\/div>\n","protected":false},"excerpt":{"rendered":"","protected":false},"author":1,"featured_media":0,"parent":0,"menu_order":2,"comment_status":"closed","ping_status":"closed","template":"100-width.php","meta":{"footnotes":""},"class_list":["post-24","page","type-page","status-publish","hentry"],"_links":{"self":[{"href":"https:\/\/www.carrelagedaigre.fr\/index.php\/wp-json\/wp\/v2\/pages\/24","targetHints":{"allow":["GET"]}}],"collection":[{"href":"https:\/\/www.carrelagedaigre.fr\/index.php\/wp-json\/wp\/v2\/pages"}],"about":[{"href":"https:\/\/www.carrelagedaigre.fr\/index.php\/wp-json\/wp\/v2\/types\/page"}],"author":[{"embeddable":true,"href":"https:\/\/www.carrelagedaigre.fr\/index.php\/wp-json\/wp\/v2\/users\/1"}],"replies":[{"embeddable":true,"href":"https:\/\/www.carrelagedaigre.fr\/index.php\/wp-json\/wp\/v2\/comments?post=24"}],"version-history":[{"count":15,"href":"https:\/\/www.carrelagedaigre.fr\/index.php\/wp-json\/wp\/v2\/pages\/24\/revisions"}],"predecessor-version":[{"id":662,"href":"https:\/\/www.carrelagedaigre.fr\/index.php\/wp-json\/wp\/v2\/pages\/24\/revisions\/662"}],"wp:attachment":[{"href":"https:\/\/www.carrelagedaigre.fr\/index.php\/wp-json\/wp\/v2\/media?parent=24"}],"curies":[{"name":"wp","href":"https:\/\/api.w.org\/{rel}","templated":true}]}}